{"id":37,"date":"2017-03-26T23:28:29","date_gmt":"2017-03-26T21:28:29","guid":{"rendered":"https:\/\/brestsurffilmfestival.com\/2018\/?page_id=37"},"modified":"2018-04-05T09:59:48","modified_gmt":"2018-04-05T07:59:48","slug":"mentions-legales","status":"publish","type":"page","link":"https:\/\/brestsurffilmfestival.com\/2018\/mentions-legales\/","title":{"rendered":"Mentions l\u00e9gales"},"content":{"rendered":"<p><strong>Le site Internet www.brestsurffilmfestival.bzh est un site \u00e9dit\u00e9 par :<\/strong><br \/>\nAssociation Jours d\u2019\u00e9cume<br \/>\n100 rue des mouettes 29200 Brest &#8211; France<\/p>\n<p><strong>Directeur de publication :<\/strong><br \/>\nAssociation Jours d\u2019\u00e9cume<\/p>\n<p><strong>Le site internet www.brestsurffilmfestival.bzh est r\u00e9alis\u00e9 et h\u00e9berg\u00e9 par :<\/strong><br \/>\nTan-Ki<br \/>\nCommunication globale<br \/>\n13 all\u00e9e des Primev\u00e8res<br \/>\n29490 Guipavas<\/p>\n<p><strong>Protection des donn\u00e9es personnelles :<\/strong><br \/>\nL&rsquo;association Jours d\u2019\u00e9cume s\u2019engage \u00e0 pr\u00e9server la confidentialit\u00e9 des informations fournies en ligne par l\u2019internaute.<br \/>\nLes utilisateurs du site peuvent contacter le webmestre par courriel \u00e0 : contact@brestsurffilmfestival.bzh<\/p>\n","protected":false},"excerpt":{"rendered":"<p><strong>Le site Internet www.brestsurffilmfestival.bzh est un site \u00e9dit\u00e9 par :<\/strong><br \/> Association Jours d\u2019\u00e9cume<br \/> 100 rue des mouettes 29200 Brest &#8211; France<\/p>\n<p><strong>Directeur de publication :<\/strong><br \/> Association Jours d\u2019\u00e9cume<\/p>\n<p><strong>Le site internet www.brestsurffilmfestival.bzh est r\u00e9alis\u00e9 et h\u00e9berg\u00e9 par :<\/strong><br \/> Tan-Ki<br \/> Communication globale<br \/> 13 all\u00e9e des<\/p>\n<div class=\"clear\"><\/div>\n","protected":false},"author":1,"featured_media":57,"parent":0,"menu_order":0,"comment_status":"closed","ping_status":"closed","template":"","meta":{"footnotes":""},"yoast_head":"<!-- This site is optimized with the Yoast SEO plugin v22.2 - https:\/\/yoast.com\/wordpress\/plugins\/seo\/ -->\n<title>Mentions l\u00e9gales &#060; BREST SURF FILM FESTIVAL - 9 - 10 - 11 - 12 mai 2018<\/title>\n<meta name=\"robots\" content=\"index, follow, max-snippet:-1, max-image-preview:large, max-video-preview:-1\" \/>\n<link rel=\"canonical\" href=\"https:\/\/brestsurffilmfestival.com\/2018\/mentions-legales\/\" \/>\n<meta property=\"og:locale\" content=\"fr_FR\" \/>\n<meta property=\"og:type\" content=\"article\" \/>\n<meta property=\"og:title\" content=\"Mentions l\u00e9gales &#060; BREST SURF FILM FESTIVAL - 9 - 10 - 11 - 12 mai 2018\" \/>\n<meta property=\"og:description\" content=\"Le site Internet www.brestsurffilmfestival.bzh est un site \u00e9dit\u00e9 par : Association Jours d\u2019\u00e9cume 100 rue des mouettes 29200 Brest &#8211; France Directeur de publication : Association Jours d\u2019\u00e9cume Le site internet www.brestsurffilmfestival.bzh est r\u00e9alis\u00e9 et h\u00e9berg\u00e9 par : Tan-Ki Communication globale 13 all\u00e9e des\" \/>\n<meta property=\"og:url\" content=\"https:\/\/brestsurffilmfestival.com\/2018\/mentions-legales\/\" \/>\n<meta property=\"og:site_name\" content=\"BREST SURF FILM FESTIVAL - 9 - 10 - 11 - 12 mai 2018\" \/>\n<meta property=\"article:modified_time\" content=\"2018-04-05T07:59:48+00:00\" \/>\n<meta property=\"og:image\" content=\"https:\/\/brestsurffilmfestival.com\/2018\/wp-content\/uploads\/2017\/03\/vague-vue-bas.jpg\" \/>\n\t<meta property=\"og:image:width\" content=\"1700\" \/>\n\t<meta property=\"og:image:height\" content=\"723\" \/>\n\t<meta property=\"og:image:type\" content=\"image\/jpeg\" \/>\n<meta name=\"twitter:card\" content=\"summary_large_image\" \/>\n<script type=\"application\/ld+json\" class=\"yoast-schema-graph\">{\"@context\":\"https:\/\/schema.org\",\"@graph\":[{\"@type\":\"WebPage\",\"@id\":\"https:\/\/brestsurffilmfestival.com\/2018\/mentions-legales\/\",\"url\":\"https:\/\/brestsurffilmfestival.com\/2018\/mentions-legales\/\",\"name\":\"Mentions l\u00e9gales &#060; BREST SURF FILM FESTIVAL - 9 - 10 - 11 - 12 mai 2018\",\"isPartOf\":{\"@id\":\"https:\/\/brestsurffilmfestival.com\/2018\/#website\"},\"primaryImageOfPage\":{\"@id\":\"https:\/\/brestsurffilmfestival.com\/2018\/mentions-legales\/#primaryimage\"},\"image\":{\"@id\":\"https:\/\/brestsurffilmfestival.com\/2018\/mentions-legales\/#primaryimage\"},\"thumbnailUrl\":\"https:\/\/brestsurffilmfestival.com\/2018\/wp-content\/uploads\/2017\/03\/vague-vue-bas.jpg\",\"datePublished\":\"2017-03-26T21:28:29+00:00\",\"dateModified\":\"2018-04-05T07:59:48+00:00\",\"breadcrumb\":{\"@id\":\"https:\/\/brestsurffilmfestival.com\/2018\/mentions-legales\/#breadcrumb\"},\"inLanguage\":\"fr-FR\",\"potentialAction\":[{\"@type\":\"ReadAction\",\"target\":[\"https:\/\/brestsurffilmfestival.com\/2018\/mentions-legales\/\"]}]},{\"@type\":\"ImageObject\",\"inLanguage\":\"fr-FR\",\"@id\":\"https:\/\/brestsurffilmfestival.com\/2018\/mentions-legales\/#primaryimage\",\"url\":\"https:\/\/brestsurffilmfestival.com\/2018\/wp-content\/uploads\/2017\/03\/vague-vue-bas.jpg\",\"contentUrl\":\"https:\/\/brestsurffilmfestival.com\/2018\/wp-content\/uploads\/2017\/03\/vague-vue-bas.jpg\",\"width\":1700,\"height\":723},{\"@type\":\"BreadcrumbList\",\"@id\":\"https:\/\/brestsurffilmfestival.com\/2018\/mentions-legales\/#breadcrumb\",\"itemListElement\":[{\"@type\":\"ListItem\",\"position\":1,\"name\":\"Accueil\",\"item\":\"https:\/\/brestsurffilmfestival.com\/2018\/\"},{\"@type\":\"ListItem\",\"position\":2,\"name\":\"Mentions l\u00e9gales\"}]},{\"@type\":\"WebSite\",\"@id\":\"https:\/\/brestsurffilmfestival.com\/2018\/#website\",\"url\":\"https:\/\/brestsurffilmfestival.com\/2018\/\",\"name\":\"BREST SURF FILM FESTIVAL - 9 - 10 - 11 - 12 mai 2018\",\"description\":\"Oc\u00e9anopolis 9 - 10 - 11 - 12 mai 2018\",\"publisher\":{\"@id\":\"https:\/\/brestsurffilmfestival.com\/2018\/#organization\"},\"potentialAction\":[{\"@type\":\"SearchAction\",\"target\":{\"@type\":\"EntryPoint\",\"urlTemplate\":\"https:\/\/brestsurffilmfestival.com\/2018\/?s={search_term_string}\"},\"query-input\":\"required name=search_term_string\"}],\"inLanguage\":\"fr-FR\"},{\"@type\":\"Organization\",\"@id\":\"https:\/\/brestsurffilmfestival.com\/2018\/#organization\",\"name\":\"BREST SURF FILM FESTIVAL - 9 - 10 - 11 - 12 mai 2018\",\"url\":\"https:\/\/brestsurffilmfestival.com\/2018\/\",\"logo\":{\"@type\":\"ImageObject\",\"inLanguage\":\"fr-FR\",\"@id\":\"https:\/\/brestsurffilmfestival.com\/2018\/#\/schema\/logo\/image\/\",\"url\":\"https:\/\/brestsurffilmfestival.com\/2018\/wp-content\/uploads\/2018\/04\/logo-bsff-ed2-2018.png\",\"contentUrl\":\"https:\/\/brestsurffilmfestival.com\/2018\/wp-content\/uploads\/2018\/04\/logo-bsff-ed2-2018.png\",\"width\":375,\"height\":132,\"caption\":\"BREST SURF FILM FESTIVAL - 9 - 10 - 11 - 12 mai 2018\"},\"image\":{\"@id\":\"https:\/\/brestsurffilmfestival.com\/2018\/#\/schema\/logo\/image\/\"}}]}<\/script>\n<!-- \/ Yoast SEO plugin. -->","yoast_head_json":{"title":"Mentions l\u00e9gales &#060; BREST SURF FILM FESTIVAL - 9 - 10 - 11 - 12 mai 2018","robots":{"index":"index","follow":"follow","max-snippet":"max-snippet:-1","max-image-preview":"max-image-preview:large","max-video-preview":"max-video-preview:-1"},"canonical":"https:\/\/brestsurffilmfestival.com\/2018\/mentions-legales\/","og_locale":"fr_FR","og_type":"article","og_title":"Mentions l\u00e9gales &#060; BREST SURF FILM FESTIVAL - 9 - 10 - 11 - 12 mai 2018","og_description":"Le site Internet www.brestsurffilmfestival.bzh est un site \u00e9dit\u00e9 par : Association Jours d\u2019\u00e9cume 100 rue des mouettes 29200 Brest &#8211; France Directeur de publication : Association Jours d\u2019\u00e9cume Le site internet www.brestsurffilmfestival.bzh est r\u00e9alis\u00e9 et h\u00e9berg\u00e9 par : Tan-Ki Communication globale 13 all\u00e9e des","og_url":"https:\/\/brestsurffilmfestival.com\/2018\/mentions-legales\/","og_site_name":"BREST SURF FILM FESTIVAL - 9 - 10 - 11 - 12 mai 2018","article_modified_time":"2018-04-05T07:59:48+00:00","og_image":[{"width":1700,"height":723,"url":"https:\/\/brestsurffilmfestival.com\/2018\/wp-content\/uploads\/2017\/03\/vague-vue-bas.jpg","type":"image\/jpeg"}],"twitter_card":"summary_large_image","schema":{"@context":"https:\/\/schema.org","@graph":[{"@type":"WebPage","@id":"https:\/\/brestsurffilmfestival.com\/2018\/mentions-legales\/","url":"https:\/\/brestsurffilmfestival.com\/2018\/mentions-legales\/","name":"Mentions l\u00e9gales &#060; BREST SURF FILM FESTIVAL - 9 - 10 - 11 - 12 mai 2018","isPartOf":{"@id":"https:\/\/brestsurffilmfestival.com\/2018\/#website"},"primaryImageOfPage":{"@id":"https:\/\/brestsurffilmfestival.com\/2018\/mentions-legales\/#primaryimage"},"image":{"@id":"https:\/\/brestsurffilmfestival.com\/2018\/mentions-legales\/#primaryimage"},"thumbnailUrl":"https:\/\/brestsurffilmfestival.com\/2018\/wp-content\/uploads\/2017\/03\/vague-vue-bas.jpg","datePublished":"2017-03-26T21:28:29+00:00","dateModified":"2018-04-05T07:59:48+00:00","breadcrumb":{"@id":"https:\/\/brestsurffilmfestival.com\/2018\/mentions-legales\/#breadcrumb"},"inLanguage":"fr-FR","potentialAction":[{"@type":"ReadAction","target":["https:\/\/brestsurffilmfestival.com\/2018\/mentions-legales\/"]}]},{"@type":"ImageObject","inLanguage":"fr-FR","@id":"https:\/\/brestsurffilmfestival.com\/2018\/mentions-legales\/#primaryimage","url":"https:\/\/brestsurffilmfestival.com\/2018\/wp-content\/uploads\/2017\/03\/vague-vue-bas.jpg","contentUrl":"https:\/\/brestsurffilmfestival.com\/2018\/wp-content\/uploads\/2017\/03\/vague-vue-bas.jpg","width":1700,"height":723},{"@type":"BreadcrumbList","@id":"https:\/\/brestsurffilmfestival.com\/2018\/mentions-legales\/#breadcrumb","itemListElement":[{"@type":"ListItem","position":1,"name":"Accueil","item":"https:\/\/brestsurffilmfestival.com\/2018\/"},{"@type":"ListItem","position":2,"name":"Mentions l\u00e9gales"}]},{"@type":"WebSite","@id":"https:\/\/brestsurffilmfestival.com\/2018\/#website","url":"https:\/\/brestsurffilmfestival.com\/2018\/","name":"BREST SURF FILM FESTIVAL - 9 - 10 - 11 - 12 mai 2018","description":"Oc\u00e9anopolis 9 - 10 - 11 - 12 mai 2018","publisher":{"@id":"https:\/\/brestsurffilmfestival.com\/2018\/#organization"},"potentialAction":[{"@type":"SearchAction","target":{"@type":"EntryPoint","urlTemplate":"https:\/\/brestsurffilmfestival.com\/2018\/?s={search_term_string}"},"query-input":"required name=search_term_string"}],"inLanguage":"fr-FR"},{"@type":"Organization","@id":"https:\/\/brestsurffilmfestival.com\/2018\/#organization","name":"BREST SURF FILM FESTIVAL - 9 - 10 - 11 - 12 mai 2018","url":"https:\/\/brestsurffilmfestival.com\/2018\/","logo":{"@type":"ImageObject","inLanguage":"fr-FR","@id":"https:\/\/brestsurffilmfestival.com\/2018\/#\/schema\/logo\/image\/","url":"https:\/\/brestsurffilmfestival.com\/2018\/wp-content\/uploads\/2018\/04\/logo-bsff-ed2-2018.png","contentUrl":"https:\/\/brestsurffilmfestival.com\/2018\/wp-content\/uploads\/2018\/04\/logo-bsff-ed2-2018.png","width":375,"height":132,"caption":"BREST SURF FILM FESTIVAL - 9 - 10 - 11 - 12 mai 2018"},"image":{"@id":"https:\/\/brestsurffilmfestival.com\/2018\/#\/schema\/logo\/image\/"}}]}},"_links":{"self":[{"href":"https:\/\/brestsurffilmfestival.com\/2018\/wp-json\/wp\/v2\/pages\/37"}],"collection":[{"href":"https:\/\/brestsurffilmfestival.com\/2018\/wp-json\/wp\/v2\/pages"}],"about":[{"href":"https:\/\/brestsurffilmfestival.com\/2018\/wp-json\/wp\/v2\/types\/page"}],"author":[{"embeddable":true,"href":"https:\/\/brestsurffilmfestival.com\/2018\/wp-json\/wp\/v2\/users\/1"}],"replies":[{"embeddable":true,"href":"https:\/\/brestsurffilmfestival.com\/2018\/wp-json\/wp\/v2\/comments?post=37"}],"version-history":[{"count":13,"href":"https:\/\/brestsurffilmfestival.com\/2018\/wp-json\/wp\/v2\/pages\/37\/revisions"}],"predecessor-version":[{"id":1096,"href":"https:\/\/brestsurffilmfestival.com\/2018\/wp-json\/wp\/v2\/pages\/37\/revisions\/1096"}],"wp:featuredmedia":[{"embeddable":true,"href":"https:\/\/brestsurffilmfestival.com\/2018\/wp-json\/wp\/v2\/media\/57"}],"wp:attachment":[{"href":"https:\/\/brestsurffilmfestival.com\/2018\/wp-json\/wp\/v2\/media?parent=37"}],"curies":[{"name":"wp","href":"https:\/\/api.w.org\/{rel}","templated":true}]}}